emainder when x is divided by w?
7
Let a = 388 - 360. What is the remainder when 111 is divided by (10/(-7))/((-2)/a)?
11
Let d(c) = -3*c**3 - 2*c**2 - 8*c - 28. What is the remainder when d(-11) is divided by 93?
91
Suppose -148*i - 1184783 = -639*i. What is the remainder when 4834 is divided by i?
8
Suppose -8*y = 6780 - 7572. Calculate the remainder when 691 is divided by y.
97
Let x = -32714 + 35006. What is the remainder when 6882 is divided by x?
6
Let z = 4222 - 4117. What is the remainder when 2097 is divided by z?
102
Let y = -4 - -6. Suppose -214 = -5*r - 4*j, y*j = 6*r - 5*r - 54. Calculate the remainder when r is divided by 16/12*15/8*12024/2505.
10
Let c = -124 + 216. Let u = 912 - 707. Let b = 224 - u. What is the remainder when c is divided by b?
16
Let u(l) = 2*l**2 + 105*l + 1149. Calculate the remainder when 863 is divided by u(-10).
265
What is the remainder when 5282 is divided by 3*(-4 - (-664)/42 - (-14)/(-98))?
32
Let j = 434 - 265. Let u = j + -100. Calculate the remainder when u is divided by (-12)/15*(-2 + -28).
21
Let d(t) = -t**3 + 92*t**2 - 596*t + 237. What is the remainder when 561 is divided by d(85)?
105
Let y(w) = w**3 + 39*w**2 + 106*w + 47. What is the remainder when y(-36) is divided by 36?
11
Calculate the remainder when 787 is divided by (1292/(-133))/((-46)/483).
73
Let q = -43 - -48. Suppose 1 = -q*i + 26. Suppose -5*l + 30 = -4*d, -5*l = -i*d - 31 + 6. What is the remainder when 39 is divided by l?
9
Suppose 7 = -26*i - 45. Let v(b) = b**2 + 11*b + 27. What is the remainder when v(i) is divided by 2?
1
Suppose 5*z - 27 = -n - 1, 5*n + 5*z - 90 = 0. Let q(u) = -5*u**2 - 13*u + 20. Let y be q(15). What is the remainder when 2/(y/436 - -3) is divided by n?
13
Let f be (1/3)/((-12)/36). What is the remainder when 28 is divided by -13*f*(0 + 1)?
2
Suppose 4*v + 3*b = -3, -2*b - 1 - 1 = -v. Suppose 3*g + 32 - 35 = v. What is the remainder when 9 is divided by g?
0
Suppose -148 = -4*i + 4*j, 129*j = 4*i + 132*j - 106. Calculate the remainder when 339 is divided by i.
29
Suppose 0 = -188*m + 256*m - 22916. Calculate the remainder when m is divided by 18.
13
Let a(x) = -255*x - 397. Calculate the remainder when 232 is divided by a(-2).
6
Let a be ((-146)/3)/(12/(-36)). Suppose 81*x - 79*x - a = 0. Let t = x - 54. What is the remainder when 33 is divided by t?
14
Let v(n) = 580*n - 1829. What is the remainder when v(4) is divided by 46?
31
Suppose 0 = -37*m + 39*m + 112. Let j = 52 + m. Calculate the remainder when (-1014)/(-10) + (-36)/(-10) + j is divided by 26.
23
Suppose -5*x + 6197 = r, 5*x - 1228 = 4*x - 4*r. Suppose 356*g - 348*g - x = 0. Suppose -40 = -2*p + 38. Calculate the remainder when g is divided by p.
38
Suppose 4*f = 3*y - 2495, -159*y + 162*y - 2485 = -f. Calculate the remainder when y is divided by 24.
13
Let q = -3557 + 3568. Calculate the remainder when 266 is divided by q.
2
Suppose -2*q = 2*q - 4. What is the remainder when ((-4)/2*-13)/q is divided by (2680/(-84) - (-10)/(-105))/(-1 - 1)?
10
Suppose -4258 = -5*j - 4*t, -15 + 9 = 2*t. Calculate the remainder when j is divided by 171.
170
Let s = 56 - 39. What is the remainder when -9 - 0 - (-125 + -1) - 5 is divided by s?
10
Let j(k) = 27*k + 29. Let g be j(-1). Suppose -y = -3*h - 69, 3*y - 4*y = g*h - 54. Calculate the remainder when 237 is divided by y.
57
Let y = 15 - 25. Let a = y - -17. What is the remainder when 6/(-4) - (-405)/10 is divided by a?
4
Suppose -5*h + 7 = -2*g, -4*h + 1 + 1 = 2*g. Calculate the remainder when 3*g*28/(-12)*17 is divided by 30.
29
Let h be 3/5 - ((-78)/(-30) - 4). What is the remainder when 83 is divided by (-54 - -52)/(h/(-22) + 0)?
17
Let x(b) = 2*b**2 + 2*b + 5. Let y be x(-4). Suppose -g + 7 = -y. Suppose -116 = -2*r - g. Calculate the remainder when 79 is divided by r.
39
Let j = -162 - -414. Suppose 10*z = 6*z + j. Calculate the remainder when 131 is divided by z.
5
Let b = 609 + -545. Suppose 3*h = -2*h. Suppose h = 16*s + b - 256. Calculate the remainder when 95 is divided by s.
11
Suppose 36*d + 11280 = 83*d. What is the remainder when d is divided by 16?
0
Suppose 35*p + 4*p = -0*p + 624. Calculate the remainder when (-670)/4*(0 - 4) is divided by p.
14
Let i = 25 + -5. Let o be (1/4)/(17/(-2040)*10). Let r = i - o. What is the remainder when r is divided by 13?
10
Let v(n) = -7*n - 13. Let t be v(19). Let s = -126 - t. Calculate the remainder when s is divided by 11.
9
Let j(k) = -k**3 - 15*k**2 - 3*k - 41. Let n be j(-15). Suppose -63 = -5*w + 122. Calculate the remainder when w is divided by 1*(15 - (-1 + 0)*n).
18
Suppose 18*n = 32*n - 70. Suppose w - 44 = -5*j, -3*j - n*w = -0*j - 44. Let k = -12 + 34. Calculate the remainder when k is divided by j.
6
Calculate the remainder when 1/((-5)/(-75)*1/11) is divided by 25.
15
Let t = -12175 - -12264. Calculate the remainder when 609 is divided by t.
75
What is the remainder when ((-528)/40 + 12)/(1/(-235)) is divided by 179?
103
Let i(x) = -20*x**2 - 446*x + 60. Calculate the remainder when 9012 is divided by i(-22).
180
Suppose 3*t = -2*u + 17, -3*u - 7 = 3*t - 5*t. Suppose 22*n - 27*n = -15. What is the remainder when (n - 2) + (-6)/3 - -23 is divided by t?
2
Suppose -14*n = 15*n - 2697. Suppose 0*v + 3*v = 5*z + 111, 5*z = -3*v + 81. Calculate the remainder when n is divided by v.
29
Let j = -51 + 57. Suppose -2*b - 5*c + 47 = 0, -2*c - j = -4*c. What is the remainder when (-2)/5 + (-614)/(-10) is divided by b?
13
Let g = 3363 + -3108. What is the remainder when 513 is divided by g?
3
Let n(z) = -2*z**3 + 30*z**2 + 13*z - 164. Let g be n(15). Let t(k) = -k**2 + 38*k - 206. Let h = 53 + -33. What is the remainder when h is divided by t(g)?
9
Suppose 0 = 4*h - 12, 3*y + 4*h = -y + 28. Suppose 14*f = 17*f + 291. Let a = f - -112. What is the remainder when a is divided by y?
3
Suppose -3*u - u = -72. Calculate the remainder when ((-82)/(-8))/(195/780) - 10 is divided by u.
13
Let k be (1 - 1 - 10) + 259 + -259. Calculate the remainder when (1195/k)/(3/(-12)*2) is divided by 81.
77
Suppose 0 = -193*o + 297*o - 2808. What is the remainder when 149 is divided by o?
14
Suppose -5*d - 15 = 0, 0 = -3131*k + 3127*k - d + 461. Calculate the remainder when 3246 is divided by k.
114
Let l(m) = m**2 - 17*m + 21. Calculate the remainder when 304 is divided by l(20).
61
What is the remainder when 642 is divided by -5 + 40 + 7 + 11 + -10?
40
Suppose 12*a - 10*a + 14 = 0. Let z(c) = -c**2 + 10*c - 17. Let t be z(8). Calculate the remainder when 43 is divided by -2 + (-167)/(-7) + t/a.
21
Calculate the remainder when 227 is divided by ((-11)/(-2) + -4)/(7/98).
17
Suppose z - 5*a + 765 = 0, -3*a = -5*z - 3318 - 397. Let m = -707 - z. What is the remainder when m is divided by 19?
14
Suppose -593 + 2475 = 24*o - 206. What is the remainder when 283 is divided by o?
22
Let a = 27452 - 27423. Calculate the remainder when 4497 is divided by a.
2
What is the remainder when (20/(-65) - (-27388)/(-52))/(2/(-6)) is divided by 36?
33
Let z(g) = -6*g**2 - 17*g + 980. Calculate the remainder when z(0) is divided by 966.
14
Suppose 2*p - 74 = 5*f + 18, 4*f - 4*p = -76. Let n(o) = -o - 16. Let g be n(f). What is the remainder when 32 is divided by (-40)/g*(-2)/8?
2
Suppose j = -2849 + 2887. Suppose 0 = -0*u - 4*u + 364. What is the remainder when u is divided by j?
15
Let r = 645 - 642. Suppose 5*l - 118 = l - 2*d, -4*l = -r*d - 113. What is the remainder when 69 is divided by l?
11
Suppose -3*n - 5*y = -4209, 1393 = n + 11*y - 6*y. Suppose 5*z - 2*h = n - 537, 4*z + 3*h = 706. What is the remainder when z is divided by 11?
10
Let p(z) = 2039*z + 750. What is the remainder when p(7) is divided by 11?
8
Let g be (-103)/2*-2 + -4. Suppose -3*w + g = -153. What is the remainder when 12/w - (-894)/14 is divided by 11?
9
Suppose 4*l - 30*y + 28*y = 272, 5*y - 124 = -2*l. Calculate the remainder when 191 is divided by l.
57
Suppose -6*c - 20 = -5*g - c, 4*c = -g - 1. Let j(s) = 3*s**2 - 2*s + 6. Calculate the remainder when 214 is divided by j(g).
25
Let v(h) be the first derivative of -h**3/3 - 13*h**2/2 - 26*h - 18. Calculate the remainder when v(-6) is divided by 6.
4
Suppose -1945 = 3*h - o, 5*o + 3215 = -12*h + 7*h. Let v = -600 - h. What is the remainder when 178 is divid